3, 5, 7
What are the prime factors of 44558?
2, 22279
List the prime factors of 11006.
2, 5503
List the prime factors of 61779.
3, 20593
What are the prime factors of 34257?
3, 19, 601
List the prime factors of 4900.
2, 5, 7
List the prime factors of 2978.
2, 1489
What are the prime factors of 1876?
2, 7, 67
What are the prime factors of 10198?
2, 5099
What are the prime factors of 57316?
2, 7, 23, 89
What are the prime factors of 50?
2, 5
What are the prime factors of 634?
2, 317
What are the prime factors of 2367?
3, 263
What are the prime factors of 101040?
2, 3, 5, 421
List the prime factors of 19097.
13, 113
What are the prime factors of 6081?
3, 2027
List the prime factors of 6243.
3, 2081
What are the prime factors of 45313?
113, 401
List the prime factors of 74639.
101, 739
List the prime factors of 1059.
3, 353
What are the prime factors of 91083?
3, 97, 313
What are the prime factors of 24355?
5, 4871
What are the prime factors of 126694?
2, 63347
List the prime factors of 945.
3, 5, 7
List the prime factors of 6139.
7, 877
List the prime factors of 27634.
2, 41, 337
What are the prime factors of 27568?
2, 1723
List the prime factors of 27171.
3, 3019
List the prime factors of 52330.
2, 5, 5233
List the prime factors of 39887.
39887
List the prime factors of 527.
17, 31
What are the prime factors of 30634?
2, 17, 53
What are the prime factors of 56675?
5, 2267
What are the prime factors of 318?
2, 3, 53
List the prime factors of 8898.
2, 3, 1483
List the prime factors of 7211.
7211
List the prime factors of 8557.
43, 199
What are the prime factors of 66?
2, 3, 11
What are the prime factors of 1118?
2, 13, 43
List the prime factors of 1161.
3, 43
List the prime factors of 5673.
3, 31, 61
What are the prime factors of 19808?
2, 619
List the prime factors of 5746.
2, 13, 17
List the prime factors of 36713.
36713
List the prime factors of 2297.
2297
What are the prime factors of 56393?
56393
What are the prime factors of 1243?
11, 113
What are the prime factors of 6622?
2, 7, 11, 43
What are the prime factors of 4854?
2, 3, 809
List the prime factors of 93886.
2, 13, 23, 157
List the prime factors of 1270.
2, 5, 127
List the prime factors of 1371.
3, 457
What are the prime factors of 749?
7, 107
List the prime factors of 1796.
2, 449
What are the prime factors of 1099?
7, 157
List the prime factors of 21829.
83, 263
List the prime factors of 2831.
19, 149
List the prime factors of 6660.
2, 3, 5, 37
What are the prime factors of 11850?
2, 3, 5, 79
What are the prime factors of 2337?
3, 19, 41
What are the prime factors of 82?
2, 41
List the prime factors of 5990.
2, 5, 599
What are the prime factors of 28639?
13, 2203
List the prime factors of 5647.
5647
List the prime factors of 3098.
2, 1549
List the prime factors of 637.
7, 13
What are the prime factors of 21966?
2, 3, 7, 523
List the prime factors of 70064.
2, 29, 151
What are the prime factors of 7796?
2, 1949
What are the prime factors of 13316?
2, 3329
List the prime factors of 4192.
2, 131
List the prime factors of 10922.
2, 43, 127
What are the prime factors of 25112?
2, 43, 73
What are the prime factors of 8540?
2, 5, 7, 61
What are the prime factors of 13533?
3, 13, 347
List the prime factors of 86840.
2, 5, 13, 167
List the prime factors of 3260.
2, 5, 163
What are the prime factors of 70308?
2, 3, 7, 31
What are the prime factors of 69679?
59, 1181
List the prime factors of 1542.
2, 3, 257
What are the prime factors of 2754?
2, 3, 17
What are the prime factors of 10016?
2, 313
What are the prime factors of 409?
409
What are the prime factors of 106?
2, 53
What are the prime factors of 6843?
3, 2281
List the prime factors of 45959.
45959
List the prime factors of 1665.
3, 5, 37
List the prime factors of 2112.
2, 3, 11
List the prime factors of 1675.
5, 67
What are the prime factors of 232?
2, 29
List the prime factors of 5856.
2, 3, 61
List the prime factors of 11231.
11, 1021
What are the prime factors of 546?
2, 3, 7, 13
What are the prime factors of 469?
7, 67
What are the prime factors of 923?
13, 71
List the prime factors of 135125.
5, 23, 47
What are the prime factors of 23?
23
List the prime factors of 16896.
2, 3, 11
List the prime factors of 67351.
47, 1433
List the prime factors of 7714.
2, 7, 19, 29
List the prime factors of 2050.
2, 5, 41
What are the prime factors of 34071?
3, 41, 277
What are the prime factors of 15114?
2, 3, 11, 229
What are the prime factors of 2287?
2287
List the prime factors of 2371.
2371
What are the prime factors of 13060?
2, 5, 653
What are the prime factors of 1169?
7, 167
List the prime factors of 2907.
3, 17, 19
List the prime factors of 873.
3, 97
What are the prime factors of 13437?
3, 1493
What are the prime factors of 115215?
3, 5, 7681
List the prime factors of 417.
3, 139
List the prime factors of 20016.
2, 3, 139
What are the prime factors of 19107?
3, 11, 193
What are the prime factors of 21713?
21713
What are the prime factors of 85682?
2, 42841
What are the prime factors of 1068?
2, 3, 89
List the prime factors of 8859.
3, 2953
What are the prime factors of 3031?
7, 433
List the prime factors of 909.
3, 101
List the prime factors of 2437.
2437
List the prime factors of 8264.
2, 1033
List the prime factors of 54786.
2, 3, 23, 397
What are the prime factors of 2626?
2, 13, 101
List the prime factors of 542.
2, 271
What are the prime factors of 19621?
7, 2803
List the prime factors of 25594.
2, 67, 191
What are the prime factors of 44218?
2, 22109
What are the prime factors of 5935?
5, 1187
List the prime factors of 2037.
3, 7, 97
List the prime factors of 1089.
3, 11
What are the prime factors of 1106?
2, 7, 79
What are the prime factors of 5570?
2, 5, 557
What are the prime factors of 3415?
5, 683
What are the prime factors of 142?
2, 71
List the prime factors of 3029.
13, 233
List the prime factors of 909.
3, 101
List the prime factors of 3365.
5, 673
What are the prime factors of 510?
2, 3, 5, 17
List the prime factors of 15090.
2, 3, 5, 503
What are the prime factors of 8190?
2, 3, 5, 7, 13
What are the prime factors of 952?
2, 7, 17
List the prime factors of 1797.
3, 599
List the prime factors of 903.
3, 7, 43
What are the prime factors of 1961?
37, 53
List the prime factors of 87617.
41, 2137
List the prime factors of 80114.
2, 41, 977
What are the prime factors of 91714?
2, 7, 6551
What are the prime factors of 1744?
2, 109
What are the prime factors of 2462?
2, 1231
List the prime factors of 4207.
7, 601
List the prime factors of 191871.
3, 21319
What are the prime factors of 590?
2, 5, 59
What are the prime factors of 35479?
17, 2087
What are the prime factors of 44434?
2, 13, 1709
List the prime factors of 1348.
2, 337
List the prime factors of 6600.
2, 3, 5, 11
List the prime factors of 155393.
7, 79, 281
What are the prime factors of 37632?
2, 3, 7
List the prime factors of 1923.
3, 641
What are the prime factors of 511?
7, 73
List the prime factors of 95891.
95891
What are the prime factors of 85573?
83, 1031
List the prime factors of 2986.
2, 1493
What are the prime factors of 33763?
19, 1777
What are the prime factors of 48011?
41, 1171
List the prime factors of 806.
2, 13, 31
What are the prime factors of 1627?
1627
What are the prime factors of 28592?
2, 1787
List the prime factors of 1632.
2, 3, 17
List the prime factors of 4468.
2, 1117
List the prime factors of 826.
2, 7, 59
What are the prime factors of 1133?
11, 103
List the prime factors of 10305.
3, 5, 229
List the prime factors of 7127.
7127
What are the prime factors of 254?
2, 127
What are the prime factors of 44697?
3, 47, 317
List the prime factors of 66816.
2, 3, 29
List the prime factors of 30965.
5, 11, 563
What are the prime factors of 2509?
13, 193
What are the prime factors of 5769?
3, 641
List the prime factors of 121706.
2, 13, 31, 151
What are the prime factors of 2478?
2, 3, 7, 59
What are the prime factors of 41783?
7, 47, 127
What are the prime factors of 1723?
1723
List the prime factors of 20480.
2, 5
What are the prime factors of 146506?
2, 17, 31, 139
What are the prime factors of 5207?
41, 127
List the prime factors of 10107.
3, 1123
What are the prime factors of 29049?
3, 23, 421
What are the prime factors of 3014?
2, 11, 137
